
Is 1107989 a composite number?
False
Is 882061 prime?
True
Is 1980719 a prime number?
False
Is 52874267 a composite number?
True
Is 24674693 prime?
False
Is 3305741 composite?
True
Is 46249409 a prime number?
True
Is 3805981 a prime number?
False
Is 226871539 a prime number?
True
Is 420336499 prime?
False
Is 1326971 prime?
True
Is 153319735 a prime number?
False
Is 6574913 prime?
False
Is 277127893 composite?
True
Is 16410071 composite?
True
Is 194580161 composite?
True
Is 76288623 a prime number?
False
Is 16908343 a prime number?
False
Is 896999 a composite number?
True
Is 175346189 a prime number?
True
Is 22047 a prime number?
False
Is 3610601 a composite number?
True
Is 711294905 a prime number?
False
Is 874774 a composite number?
True
Is 25801757 prime?
False
Is 6129449 composite?
False
Is 8469319 composite?
False
Is 133487 prime?
False
Is 646283711 a prime number?
True
Is 9064801 a prime number?
True
Is 26293703 prime?
True
Is 3832579 a composite number?
False
Is 8044759 a prime number?
True
Is 40325879 prime?
False
Is 98039197 composite?
True
Is 3080291 prime?
True
Is 10478893 prime?
False
Is 4785969 a composite number?
True
Is 810137 prime?
True
Is 36648071 prime?
True
Is 35799649 composite?
True
Is 58506311 a prime number?
False
Is 2273443 prime?
True
Is 15452207 prime?
True
Is 7361651 prime?
False
Is 117755203 composite?
False
Is 87769273 composite?
False
Is 15149921 a prime number?
False
Is 12046781 a prime number?
False
Is 85167421 a prime number?
False
Is 53898881 a composite number?
True
Is 475327 prime?
True
Is 148837099 a prime number?
False
Is 9338621 prime?
False
Is 2421267 a prime number?
False
Is 1122383 a prime number?
False
Is 102241883 composite?
False
Is 7248343 prime?
True
Is 50420047 prime?
False
Is 5689183 a prime number?
True
Is 7531031 composite?
False
Is 50175911 a composite number?
False
Is 100239857 prime?
False
Is 175190203 composite?
True
Is 94229 a composite number?
False
Is 62865121 composite?
True
Is 37880987 composite?
False
Is 10726493 prime?
True
Is 9639265 a prime number?
False
Is 264433839 prime?
False
Is 300487381 composite?
True
Is 28938509 a composite number?
True
Is 254157041 a composite number?
False
Is 18533787 a composite number?
True
Is 1092820535 a prime number?
False
Is 68502287 prime?
False
Is 4878773 composite?
True
Is 381009341 prime?
True
Is 13480283 composite?
False
Is 2645213 a prime number?
True
Is 3552233 a composite number?
False
Is 528656731 a prime number?
False
Is 16447157 prime?
True
Is 13404151 a composite number?
True
Is 1253749723 a prime number?
False
Is 21722381 a composite number?
False
Is 72925037 prime?
False
Is 6463043 a prime number?
False
Is 9921383 a prime number?
True
Is 404718607 composite?
True
Is 15936709 a composite number?
True
Is 378693563 a composite number?
False
Is 66133153 a composite number?
False
Is 10814269 a composite number?
True
Is 1026720013 composite?
True
Is 226749491 a composite number?
False
Is 10999655 a composite number?
True
Is 9256847 a composite number?
True
Is 808123 a prime number?
False
Is 45665539 composite?
False
Is 147600577 prime?
True
Is 782307166 composite?
True
Is 42562129 composite?
False
Is 6384067 prime?
True
Is 384889 prime?
True
Is 295842779 a composite number?
True
Is 12394111 composite?
False
Is 44310729 a prime number?
False
Is 31847683 a prime number?
False
Is 3616183 prime?
True
Is 76429861 prime?
True
Is 13261367 prime?
False
Is 4343011 a prime number?
False
Is 16007983 a composite number?
False
Is 43892243 a prime number?
True
Is 4569265 composite?
True
Is 377046283 composite?
False
Is 9854359 a composite number?
True
Is 17017267 composite?
False
Is 22974551 prime?
True
Is 4672663 prime?
False
Is 25201985 a prime number?
False
Is 249162767 a composite number?
True
Is 470779 prime?
True
Is 4344409 composite?
True
Is 177520391 prime?
True
Is 191939 a composite number?
True
Is 4268099 composite?
True
Is 3132257 a composite number?
False
Is 171553 prime?
True
Is 302011805 composite?
True
Is 248557 a composite number?
True
Is 6509409 prime?
False
Is 346046657 a composite number?
True
Is 45887251 prime?
False
Is 64398089 a prime number?
False
Is 5704481 composite?
False
Is 36092159 a composite number?
False
Is 3532367 a prime number?
True
Is 79847839 composite?
True
Is 38492717 prime?
False
Is 149839787 composite?
True
Is 2374189 prime?
True
Is 176739341 prime?
True
Is 7602677 a prime number?
True
Is 528421 composite?
True
Is 10340347 a composite number?
False
Is 819939299 a prime number?
False
Is 174466811 a prime number?
False
Is 4113617 prime?
False
Is 1566997 composite?
False
Is 1691387 a composite number?
False
Is 458921 composite?
False
Is 207380521 a composite number?
True
Is 99523 composite?
False
Is 24131431 a composite number?
False
Is 1755259 prime?
False
Is 2701403 prime?
True
Is 1235008021 composite?
True
Is 555139393 a composite number?
False
Is 20642221 composite?
True
Is 55439326 composite?
True
Is 28862905 prime?
False
Is 5690471 composite?
False
Is 7556909 prime?
True
Is 108834673 composite?
False
Is 24941503 prime?
True
Is 1668647 prime?
True
Is 611483 a prime number?
True
Is 1216337 prime?
True
Is 581393 prime?
True
Is 43358479 a composite number?
False
Is 11657651 a prime number?
False
Is 3151319 a composite number?
False
Is 6037999 prime?
False
Is 4306237 prime?
False
Is 5226601 a prime number?
False
Is 13130429 a composite number?
True
Is 2938667 prime?
True
Is 13588145 prime?
False
Is 4650167 a prime number?
False
Is 25114097 composite?
False
Is 135126263 a prime number?
True
Is 137331409 prime?
False
Is 167381 prime?
True
Is 13467647 a composite number?
False
Is 777001141 composite?
True
Is 497813 composite?
False
Is 10657841 a prime number?
False
Is 10452811 composite?
True
Is 372797 prime?
True
Is 4420313 composite?
True
Is 6356611 prime?
True
Is 9840983 a composite number?
False
Is 101064153 composite?
True
Is 3202831793 composite?
True
Is 550360145 composite?
True
Is 16573967 composite?
False
Is 3854965 a composite number?
True
Is 5056397 composite?
False
Is 34784023 composite?
True
Is 65531251 prime?
False
Is 14700151 a composite number?
True
Is 99874 prime?
False
Is 627924229 prime?
True
Is 5352137 prime?
False
Is 654667 a composite number?
True
Is 31864027 composite?
True
Is 6277595 a prime number?
False
Is 72133 a composite number?
True
Is 4950067 a prime number?
True
Is 21494411 a prime number?
True
Is 2975029 a composite number?
False
Is 3250543 prime?
False
Is 21867317 prime?
True
Is 111549043 a composite number?
True
Is 9902491 prime?
True
Is 694163 prime?
False
Is 144025391 prime?
False
Is 194459789 a prime number?
True
Is 430230461 a composite number?
False
Is 4296571 composite?
False
Is 2150723 a composite number?
True
Is 53655667 a prime number?
False
Is 57517459 composite?
False
Is 27946189 a composite number?
False
Is 1330121 a prime number?
False
Is 8083793 composite?
True
Is 1195793 prime?
False
Is 35880059 composite?
False
Is 204895667 prime?
True
Is 4651321 prime?
True
Is 2156339 composite?
False
Is 892817 a prime number?
True
Is 2902009 composite?
True
Is 2035762 a composite number?
True
Is 11721649 composite?
False
Is 48851681 a prime number?
False
Is 139072691 composite?
False
Is 473585831 composite?
False
Is 10181483 a composite number?
True
Is 263807 composite?
True
Is 2737451 a prime number?
False
Is 1805537 a composite number?
False
Is 705469 a composite number?
True
Is 7525783 a composite number?
False
Is 16226149 prime?
False
Is 62424259 a composite number?
True
Is 105395403 composite?
True
Is 11360617 a composite number?
False
Is 25515781 a composite number?
True
Is 23155271 composite?
False
Is 108421789 a prime number?
False
Is 4427251 a composite number?
False
Is 407041 a prime number?
False
Is 7320634 prime?
False
Is 2268689 a composite number?
True
Is 25324447 prime?
True
Is 1480867 a prime number?
False
Is 1660501 a prime number?
False
Is 106159751 a prime number?
True
Is 22244921 prime?
False
Is 73383181 prime?
True
Is 43532681 a prime number?
True
Is 651569 a composite number?
True
Is 883537 prime?
True
Is 37416137 a prime number?
False
Is 96308339 prime?
True
Is 4746661 prime?
False
Is 54250973 a composite number?
True
Is 5178731 prime?
True
Is 1066601 a co